 -2*h + j*h, 0 = -2*g + h + 137. What is the greatest common divisor of q and g?
14
Let f be (-9)/(225/(-20))*(-110)/(-4). Suppose -f*i - 396 = -26*i. What is the greatest common factor of i and 11?
11
Suppose 0 = 3*g + 12, -3*i - 4*g = 13. Let c(l) = 2*l**2 - 5*l + 3. Let t be c(3). Suppose -t*z = -2*z - 4. Calculate the highest common factor of i and z.
1
Let r(d) = -d**2 - 12*d - 25. Let i be r(-6). Let m(c) = c**3 - c + 1. Let w be m(1). Calculate the highest common divisor of w and i.
1
Let f be (-11974)/(-7) - 12/21. What is the greatest common divisor of 90 and f?
90
Let s be (-1)/((13/26)/(-2*2/8)). Let f = 10 - 3. What is the highest common divisor of f and s?
1
Suppose -3*t - 9 = -3*x, -x + t = 2*t - 1. Suppose -53 = -x*k + 3. What is the greatest common factor of k and 70?
14
Let s(c) = 5*c**2 + 157*c - 90. Let z be s(-32). Let a be (-6)/((0 - -3)/(-21)). What is the greatest common divisor of a and z?
6
Let i be 18/21*28/6 + 29. What is the highest common divisor of i and 209?
11
Let j = -746 + 1278. Let m = -336 + j. What is the highest common factor of m and 7?
7
Let h(l) = -4*l**3 + 3*l**2 - 4*l + 2. Let c be h(1). Let b be c/(-18)*8*(-810)/(-12). Let v = -14 - -24. What is the highest common factor of v and b?
10
Let g(p) = 3*p + 28. Suppose -8*j + 24 = -4*w - 5*j, 23 = -3*w + j. Let v be g(w). Calculate the greatest common divisor of v and 9.
1
Suppose a = -6*a. Suppose -3*b = -3*h + 51, a = 2*b + 3 + 1. What is the greatest common divisor of h and 135?
15
Let u be 20/(4 + (3 - 110/16)). What is the highest common factor of u and 5?
5
Let m(j) = 2*j + 12. Let s = 11 - 18. Let z be m(s). Let n be 96/56 - z/7. What is the highest common divisor of 2 and n?
2
Let n = 142 + -94. Calculate the greatest common divisor of 48 and n.
48
Let k = -313 - -1688. What is the greatest common factor of 55 and k?
55
Let o = 490 + -418. What is the greatest common divisor of 312 and o?
24
Let k = 851 + -836. What is the greatest common divisor of k and 2865?
15
Suppose -107 = 4*r + 97. Let p = r + 84. Suppose 0 = 97*x - 102*x + 15. What is the greatest common divisor of x and p?
3
Suppose 0 = -31*o + 27*o + 64. What is the highest common factor of o and 176?
16
Suppose 5*k - k = -76. Let x = -19 - k. Suppose c = -x*c + 154. What is the greatest common divisor of 14 and c?
14
Let d(p) = 62*p**3 - 4*p**2 + 34*p - 54. Let t be d(2). Calculate the highest common divisor of 152 and t.
38
Let r be (-6)/16 - (6 + (-211)/8). What is the greatest common divisor of r and 860?
20
Suppose -6*m + m = -20. Let u be (-1)/(2*2/m)*-50. Calculate the greatest common divisor of u and 125.
25
Suppose 5*d + 5*b - 30 = 0, b + 0 = -3*d + 12. Suppose 0 = -d*x + 2*g + 112, 4*x + 2*g = 169 - 1. Calculate the highest common factor of 10 and x.
10
Suppose 37*o - 1485 = 10*o. Calculate the highest common factor of o and 33.
11
Let y(a) = a**3 + 15*a**2 - 34*a + 22. Let s be y(-17). Calculate the highest common divisor of s and 770.
22
Let i = -772 + 820. Calculate the greatest common factor of i and 54.
6
Let z be (-11 - -10)*13*-41. Calculate the greatest common divisor of 41 and z.
41
Let m(o) = -14*o + 20. Let c be m(7). Let i = c - -87. What is the greatest common factor of 9 and i?
9
Let z be (-2 - -62) + (2 - 8). Calculate the highest common factor of 486 and z.
54
Let i = -87 + 89. Let t be (-2 + 5/(-6)*-2)*-6. Calculate the highest common factor of i and t.
2
Let f(c) = -18 - 15 - 26 + 44 + 15*c. Let w(d) = -5*d - 3. Let s be w(-2). Let p be f(s). What is the highest common divisor of p and 10?
10
Let y = -88 + 89. Let z(b) = 4*b + 3. Let h be z(3). Suppose 0 = -5*d + h - 0. What is the greatest common divisor of y and d?
1
Let s = 8 - -66. Calculate the greatest common divisor of s and 37.
37
Suppose 14 = -2*t - 8. Let c = t - -62. Let l be -2*(1 - (-2 - -20)). Calculate the highest common factor of l and c.
17
Let m(u) = 164*u**3 + u**2 + u - 1. Let x be m(1). Suppose -4*v = -805 + 745. Calculate the highest common factor of v and x.
15
Let g(r) = -8*r + 58. Let f be g(3). Calculate the greatest common divisor of f and 799.
17
Let y be (-66)/(-14) + (-4)/(-14). Let m(p) = p**3 + 9*p**2 + 1 - 28*p - 7*p**2 + 25*p. Let w be m(y). Calculate the highest common factor of 23 and w.
23
Let w(k) = -5 + 4*k + k - 2*k - 4*k. Let d be w(-7). Suppose -n - 4 = -d*n. What is the greatest common divisor of 4 and n?
4
Suppose -v + 3*s + 33 = 0, 3*v - s - 47 = -5*s. Calculate the highest common factor of v and 357.
21
Let s be 245/(-5)*(0 + -2). Suppose -t + 2*t - 2 = 0. Suppose -4*i = t*o - 20, -2*o + 24 = -2*i - 8. Calculate the highest common factor of s and o.
14
Suppose 95 + 57 = 8*j. Calculate the highest common factor of j and 703.
19
Let l = -4 + 212. What is the greatest common factor of 26 and l?
26
Suppose 42*l - 45*l = -168. Calculate the greatest common divisor of l and 952.
56
Suppose -4*z = z + x - 114, -5*x + 108 = 4*z. What is the highest common divisor of 6 and z?
2
Let x be ((-54)/5)/((-5)/25). Suppose 11*v - x = 8*v. What is the highest common factor of 54 and v?
18
Suppose 27*g = 20 + 520. Let k(x) be the third derivative of 13*x**4/24 - 5*x**3/6 - x**2. Let s be k(5). What is the highest common divisor of s and g?
20
Let y = 71 + -56. Suppose 0 = 2*h + h - y. What is the highest common divisor of 10 and h?
5
Let y(b) = 81*b - 1. Let c be y(1). Calculate the greatest common factor of 10 and c.
10
Let v be (-3)/(-8) + 80418/208. Suppose 0 = -2*u + 4 + 168. Let i be 2/(-4)*u*-1. Calculate the greatest common divisor of i and v.
43
Suppose 19*q - 87 = 16*q. Suppose -q + 93 = 2*r. What is the greatest common factor of r and 80?
16
Let u be (-3)/2*(-10 - -4). Let z = u - 4. Suppose 288 = -l + z*l. Calculate the highest common divisor of 18 and l.
18
Let o(f) = -3*f - 3. Let u be 2/(-5) - 69/15. Let z be o(u). Let a = -61 - -121. Calculate the highest common factor of a and z.
12
Suppose -56*b = -52*b - 76. Calculate the greatest common divisor of 2 and b.
1
Let h = 4 + -8. Let f = 15 + h. Suppose -20 = -c + 5*c, 5*c - f = -4*b. Calculate the greatest common divisor of b and 45.
9
Let y(m) = m**3 + 8*m**2 + 11*m - 2. Let w be y(-6). Calculate the highest common factor of w and 76.
4
Let d be 3 + 1 - 2793/(-343) - 6/42. Suppose 0 = -h + 6*h - 330. Calculate the greatest common factor of h and d.
6
Let f = -3 + 88. What is the greatest common factor of 15 and f?
5
Suppose 4 = -o + 4*q, -7*o + 3*o = -2*q + 30. Let m be ((-5)/(20/38))/(1/o). Calculate the greatest common divisor of m and 190.
38
Let w(y) = 3*y + 1. Let b be w(-3). Let c(s) = s**3 + 9*s**2 + 5*s. Let l be c(b). Let g = -23 - -35. Calculate the highest common factor of g and l.
12
Let v = 3149 - 3140. Let o = 207 - 117. What is the highest common factor of o and v?
9
Let l = 302 + -246. Calculate the highest common factor of 21 and l.
7
Let w be ((-22)/(-4)*1)/((-98)/(-2352)). Calculate the highest common divisor of 1012 and w.
44
Let w(o) be the second derivative of -o**5/20 + o**4/12 + 70*o**2 - o. Let x = 102 - 102. Let d be w(x). Calculate the highest common factor of d and 28.
28
Let z be 69 - (-9)/(6/2). Suppose -3*u = 2*a - 3 - 8, 0 = 3*u - 3*a - 21. Let i(r) = 2*r - 1. Let g be i(u). What is the highest common divisor of g and z?
9
Let o = 3 - -36. Let i = o + -31. Suppose 0 = -i*h - h + 1125. Calculate the greatest common factor of 50 and h.
25
Let p(y) = -y**3 + 8*y + 4. Let s be p(-3). Let i be s - (1 - (-9)/3). What is the highest common factor of 24 and i?
3
Suppose -5*s - 4*i = -37, 3*s - 3 = 2*i + 6. Let o be (-1)/(4/16) + s. Let q(b) = 5*b - 1. Let l be q(1). Calculate the highest common factor of l and o.
1
Let y(h) = 2*h**2 + 7*h - 3. Let f be y(-6). Let w = -23 + f. Calculate the greatest common factor of 12 and w.
4
Let p be ((-531)/4)/((-9)/384*8). Calculate the greatest common factor of 4 and p.
4
Let f(w) = -6*w**3 + 56*w**2 - 15*w + 19. Let n be f(9). Suppose 4*l - 73 = 19. Calculate the highest common factor of n and l.
23
Suppose -2*j - 5 = -27. Suppose 2*c + 89 = j. Let u be 2/3*c/(-2). Calculate the highest common factor of 65 and u.
13
Suppose 27*w - 54*w + 108 = 0. Calculate the greatest common factor of 54 and w.
2
Let v be (-6)/14 - (-219)/21. What is the highest comm